?
170c0
In base 10, what is -17 - 90376?
-90393
In base 15, what is 2 + -58b0?
-58ad
In base 4, what is -10032302122 - 2?
-10032302130
In base 15, what is -21511 - 2?
-21513
In base 14, what is 5a26 + 1?
5a27
In base 4, what is -200210 + -22121?
-222331
In base 10, what is 60 + 1647?
1707
In base 5, what is 220344 - 100?
220244
In base 16, what is -245ec - -4?
-245e8
In base 14, what is -15b86a + -7?
-15b873
In base 3, what is 1000 - -20022?
21022
In base 9, what is -2177 - 110?
-2287
In base 14, what is -367 - -121?
-246
In base 13, what is -51 + 1?
-50
In base 5, what is 0 - 32433042?
-32433042
In base 2, what is 100011111101110010010 + -100?
100011111101110001110
In base 8, what is 110 + -2623?
-2513
In base 4, what is 223122 + 102?
223230
In base 4, what is 30113 + 22?
30201
In base 2, what is -101010110101 - -111?
-101010101110
In base 2, what is -110 - 110100011110100?
-110100011111010
In base 3, what is 11010211 + -12?
11010122
In base 11, what is 4362 + -19?
4344
In base 4, what is -1012322 - -101?
-1012221
In base 2, what is -1100010000000100 - 101?
-1100010000001001
In base 11, what is 192055 + -9?
192047
In base 15, what is 33d9 + 0?
33d9
In base 7, what is -52 + -253450?
-253532
In base 6, what is 3 - -315354?
315401
In base 2, what is -1001000110100101 - 101010?
-1001000111001111
In base 14, what is -7 + 58343?
5833a
In base 8, what is -5 + 176202?
176175
In base 11, what is 244 + 42?
286
In base 4, what is 113 + -302013213?
-302013100
In base 3, what is -1212120100 + -1?
-1212120101
In base 15, what is 95dd - -108?
96e6
In base 16, what is -24d - 17?
-264
In base 4, what is -3 + -12002210?
-12002213
In base 6, what is 1140 + 4022?
5202
In base 13, what is 41 + 3c4?
435
In base 12, what is 6 + 94604?
9460a
In base 15, what is -1 - -2a3?
2a2
In base 10, what is -17459 - 2?
-17461
In base 10, what is -126844 - 1?
-126845
In base 16, what is -200 - -9?
-1f7
In base 12, what is 5303 - 3?
5300
In base 2, what is 100110100 - -1011?
100111111
In base 2, what is -111001011111100 - -1001?
-111001011110011
In base 6, what is 125340 - 32?
125304
In base 12, what is -19a2 - -105?
-1899
In base 3, what is 1011200020 + -1020?
1011122000
In base 4, what is -10 + 1033103?
1033033
In base 9, what is -10406 + -6?
-10413
In base 15, what is d594 - -14?
d5a8
In base 4, what is -10012 - -1110?
-2302
In base 9, what is 602 - -1238?
1841
In base 15, what is c6 + -33?
93
In base 8, what is -235 + -36731?
-37166
In base 3, what is -2001021 + 1100220?
-200101
In base 3, what is 1001 - 110122?
-102121
In base 5, what is -2030 - -134410?
132330
In base 6, what is -1414 - 35?
-1453
In base 14, what is 81 - ba7?
-b26
In base 14, what is 132 + 7?
139
In base 9, what is -14547 - 8?
-14556
In base 7, what is 4 - -226264?
226301
In base 5, what is 224 - 20313?
-20034
In base 16, what is -1c - b54c?
-b568
In base 4, what is -33032 + 103?
-32323
In base 8, what is -1 + 12036?
12035
In base 5, what is 14 + -10334?
-10320
In base 6, what is -4 + -1433252?
-1433300
In base 8, what is -2424 + -20?
-2444
In base 9, what is 7022 + 0?
7022
In base 8, what is 42412 - -56?
42470
In base 6, what is -20 - 11300?
-11320
In base 14, what is -21 - -b9d?
b7c
In base 15, what is -1 - 1c332?
-1c333
In base 16, what is -e - 23e7?
-23f5
In base 14, what is -1 + -140cb?
-140cc
In base 11, what is 8a40a2 - 0?
8a40a2
In base 15, what is 12c - -e4?
221
In base 15, what is e396 - 9?
e38c
In base 6, what is -1022025 - 11?
-1022040
In base 5, what is -3 - 404033?
-404041
In base 5, what is 42 - -300442?
301034
In base 15, what is 22 - -493?
4b5
In base 15, what is 2 - 1a777?
-1a775
In base 6, what is 1144054 + 105?
1144203
In base 14, what is 6ab1 - -b?
6abc
In base 14, what is 48a2 - -1a6?
4a68
In base 3, what is 0 + -1000211000?
-1000211000
In base 11, what is -65 - 1988?
-1a42
In base 6, what is 3 - 211430?
-211423
In base 8, what is -16501 - -13?
-16466
In base 9, what is 2 - 41102?
-41100
In base 2, what is 1010111 + 110111101?
1000010100
In base 8, what is 105571 - 25?
105544
In base 6, what is -1130051 + 22?
-1130025
In base 7, what is 5435204 - 2?
5435202
In base 11, what is -4 + 3a6528?
3a6524
In base 7, what is 21524 - -55?
21612
In base 4, what is 2 - 131231112?
-131231110
In base 6, what is 20423 + 10?
20433
In base 10, what is 2970 - -143?
3113
In base 3, what is 2 + 200020201112?
200020201121
In base 15, what is 3 - -5747?
574a
In base 10, what is -39178 - 2?
-39180
In base 8, what is 24255162 + -4?
24255156
In base 2, what is -100 - -11010100110010101100?
11010100110010101000
In base 9, what is -2 - -3208?
3206
In base 11, what is -18 - 1523?
-1540
In base 10, what is 138 - -6233?
6371
In base 2, what is -1101001010 + 101000101?
-1000000101
In base 7, what is -165 + 25?
-140
In base 4, what is 2220 + -3313?
-1033
In base 9, what is 2 - -1050030?
1050032
In base 16, what is -3e99 - e?
-3ea7
In base 7, what is 31322 + -6?
31313
In base 6, what is -1424 - -1?
-1423
In base 14, what is -56 + -700?
-756
In base 14, what is 108 - a42?
-938
In base 15, what is -6524 + 5?
-651e
In base 5, what is -113122022 - 10?
-113122032
In base 10, what is 12197 - 11?
12186
In base 13, what is 7 - 40a6?
-409c
In base 4, what is -3 - 11212010?
-11212013
In base 12, what is 16a408 - a?
16a3ba
In base 12, what is 6 - 1184b?
-11845
In base 13, what is 5 - -104a5?
104aa
In base 8, what is -105505 - -45?
-105440
In base 5, what is 221 + -21011?
-20240
In base 12, what is -877838 + 0?
-877838
In base 7, what is 32 + 1055?
1120
In base 4, what is -1111012 + -10?
-1111022
In base 11, what is 557 + -684?
-128
In base 4, what is -2 + 31001010?
31001002
In base 2, what is 10101111111 + 100001101?
11010001100
In base 16, what is f154 - 5?
f14f
In base 4, what is -3312200 + 22?
-3312112
In base 8, what is 3161 - 4?
3155
In base 9, what is -73328 - -4?
-73324
In base 3, what is -1021201 - 100010111?
-101102012
In base 5, what is 12 - 10313212?
-10313200
In base 3, what is 21212221201 + 21?
21212221222
In base 14, what is -33 - -1338d?
1335a
In base 4, what is 210 + -330003?
-323133
In base 2, what is -100100010010 + 11011010?
-100000111000
In base 8, what is -1215 - 320?
-1535
In base 9, what is -38022 + 34?
-37877
In base 9, what is 13880152 + 5?
13880157
In base 5, what is -1404012 + -2?
-1404014
In base 14, what is 126 - -b98?
cc0
In base 6, what is 2120531 - 3?
2120524
In base 8, what is -127106 - 11?
-127117
In base 12, what is 4009 + 1?
400a
In base 3, what is -1 + 11111?
11110
In base 8, what is 0 - -55645?
55645
In base 10, what is 2498 + -27?
2471
In base 4, what is 2 + 2003311?
2003313
In base 13, what is -257a - 31?
-25ab
In base 14, what is 19 - 212bc?
-212a3
In base 11, what is 65 - 644?
-58a
In base 16, what is -1 + 2b6b1?
2b6b0
In base 14, what is 5 - 249d62?
-249d5b
In base 9, what is 20763 + 85?
20858
In base 12, what is 33 + 9398?
940b
In base 16, what is 13fa7c - -2?
13fa7e
In base 3, what is 101 + -10001121?
-10001020
In base 11, what is -119 + 1180?
1062
In base 5, what is 4 + -2413334?
-2413330
In base 13, what is -c847 + -4?
-c84b
In base 6, what is 215311 + -35?
215232
In base 14, what is 11c5 - 232?
d93
In base 12, what is -1a + 151a9?
1518b
In base 16, what is -25 + -311?
-336
In base 2, what is 10100001 + 10011?
10110100
In base 15, what is 3d8 + -6d9?
-301
In base 7, what is 2655 - -6?
2664
In base 13, what is -14 - 4970?
-4984
In base 16, what is 9 + f0e?
f17
In base 11, what is -29 + 761a?
75a1
In base 4, what is -31201302 - 11?
-31201313
In base 7, what is 314566 - 42?
314524
In base 5, what is 20412 + -100?
20312
In base 5, what is 23 - 3124344?
-3124321
In base 12, what is 4 + 3345?
3349
In base 8, what is 136 + -2332?
-2174
In base 9, what is -262186 - -2?
-262184
In base 5, what is -4 + -232421?
-232430
In base 8, what is 104166 - -53?
104241
In base 11, what is -4 + 15385?
15381
In base 6, what is 52 + -13044?
-12552
In base 13, what is 7370 - -18?
7388
In base 13, what is -41 + -347?
-388
In base 7, what is 45 + -511?
-433
In base 13, what is -6870 - 5?
-6875
In base 9, what is -58 + 4876?
4817
In base 11, what is -32014 + -7?
-32020
In base 9, what is 8 - 462742?
-462733
In base 11, what is 1217018 + -4?
1217014
In base 13, what is 4 + 37a2?
37a6
In base 14, what is 0 +